20241, 126048 = 5*t + 3*b. What is the tens digit of t?
1
Suppose 5*h - 11 = 9. Suppose -h*u + n + 2871 = 0, n - 719 = -7*u + 6*u. What is the units digit of u?
8
Let y be (1 + 6/(-4))*(-8 - -8). Suppose -2*q = -y*q - 4. Suppose -p - q*p + 135 = 0. What is the tens digit of p?
4
Let r = -14 - -18. Suppose 5*v + 5*k = 472 + 1118, -v - r*k = -309. What is the tens digit of v?
2
Let r = -4449 - -6874. What is the units digit of r?
5
Suppose -u + 61417 = -0*u - 3*y, 3*u + 3*y = 184287. What is the tens digit of u?
2
Let d = 5 + -5. Let q = -89 - -433. Suppose 8*y - 3*y = 3*m + q, -y - 2*m + 61 = d. What is the tens digit of y?
6
Suppose 3 = b + h + h, 5*h = 0. Suppose -5*k + 4*g - 1 = 0, 5*k - 2 = 10*k - b*g. What is the units digit of k + (3 + 2 - 2) - -172?
4
Let j(v) = 52*v**2 + 3*v - 3. Let q be j(3). Let b = 16 + q. What is the units digit of b?
0
Let q = 460 - 767. Let v = q + 447. What is the tens digit of v?
4
Let y = 291 - 117. Suppose 0 = -7*j - 31 + 66. Let m = y + j. What is the tens digit of m?
7
Suppose -50*u + 25942 = 2*z - 48*u, -4*z - u + 51896 = 0. What is the tens digit of z?
7
Let f(r) = -r**3 - 5*r**2 + 11*r - 27. Let t be f(-8). Let k(x) = 53 - t + 30*x + 41. What is the hundreds digit of k(7)?
2
Let z(h) = -3*h**3 - h**2 - 6*h - 7. Suppose y = -2*d - 3, 4*d - 2*y + 3*y + 9 = 0. Let x be z(d). What is the units digit of x/2 - (27/(-6))/(-9)?
1
Let i(v) be the first derivative of v**2/2 + 17*v + 8. Let h be i(5). Let k = -12 + h. What is the tens digit of k?
1
Let u = -2190 - -3648. What is the tens digit of u?
5
Suppose 3*u + 700 = -4*u. Let y = u + 104. Suppose 3*x = -3*a + 15, 4 - 31 = -y*a + 3*x. What is the units digit of a?
6
Let g be 3 - (0 + -4 - 3). Suppose g - 1 = -3*h + 3*x, 0 = -3*h - 4*x - 2. Let z = -1 - h. What is the units digit of z?
1
Suppose 0 = 4*l + 7*i - 9*i - 123662, 2*l + 4*i - 61816 = 0. What is the tens digit of l?
1
Let u be 84/(-98)*14/(-3). Suppose -10*h = -2384 + u. What is the units digit of h?
8
Let g(s) = -s**2 + 11*s + 8. Let i = 11 + 1. Let k be g(i). What is the tens digit of 2/(139/(-360) + k/(-10))?
4
Let h(w) = -3*w**3 + 222*w**2 + 92*w + 53. What is the tens digit of h(74)?
6
What is the tens digit of (4/(-14) - 3512/7)/((-66)/396)?
1
Let j(i) = -i**3 - 26*i**2 + 179*i - 152. What is the tens digit of j(-46)?
3
What is the thousands digit of 23706 - (72/(-30) - 51/85)?
3
Let f(z) = 2*z**3 + 178*z**2 - 104*z - 1336. What is the thousands digit of f(-89)?
7
What is the hundreds digit of -4*(-6)/(-24) + (-8 + 456808)/8?
0
Let u(d) = -3*d**2 - 3*d - 13. Let v(f) = 2*f**2 + 2*f + 13. Let c(s) = -3*u(s) - 4*v(s). Let h be c(8). Let t = h + -44. What is the units digit of t?
5
Suppose -7*v - 12 = -4*v, 0 = y - 4*v - 20. Suppose -3*h = 2*h - 5, w + y*h = 878. What is the tens digit of w?
7
Let c be 10*(-1)/((-1)/(-2) - 0). Let w(h) be the second derivative of h**4/12 + 19*h**3/6 + 23*h**2/2 + 4*h. What is the tens digit of w(c)?
4
Let m(r) = 2255*r**2 + 18*r + 4. What is the tens digit of m(-2)?
8
What is the thousands digit of (27726/2)/(27/18) - (5 - 4)?
9
What is the thousands digit of 7/(((-11)/(-8) + -1)/((-8376)/(-16)))?
9
Suppose 23*p = 28*p - 25. Suppose 0*x + 17 = -5*d + 2*x, 3*d - p*x - 5 = 0. What is the tens digit of 1/d - 4806/(-30)?
6
Let z be 12/(-42) - (-228)/14. Suppose -5*j + 2*j = -4*i - 25, -z = 4*i. Suppose 5*d - 114 = j*d. What is the units digit of d?
7
Let n = 367 + 463. Let r = n + -378. What is the units digit of r?
2
What is the tens digit of (7395 - 73)/(2/15)?
1
Suppose -a + 12*a = -121. Let b(p) = p**2 + 10*p + 15. Let m be b(a). Let w = m + 27. What is the units digit of w?
3
Let g be 195/6*(-24)/(-10). Let s = 994 - 936. Let x = g - s. What is the units digit of x?
0
Let s(d) = -d**3 - 11*d**2 - 9*d + 12. Let m be s(-10). Suppose 3*j + 0 = -12, -4*y = m*j - 60. Let x = y + 17. What is the units digit of x?
4
Suppose 46*d - 34*d = -17856. Let a = d - -3002. What is the thousands digit of a?
1
Let o(i) = i**3 - 14*i**2 + 96*i - 459. What is the thousands digit of o(24)?
7
Let z = 943 + -1378. Let n = z + 736. What is the units digit of n?
1
Let i(c) = -14074*c**3 + 2*c**2 + 2*c + 1. What is the units digit of i(-1)?
5
Let f be 10/25 - (3 + (-13)/5). What is the tens digit of (-4)/(-30)*5*(237 - f)?
5
Let q(n) = n**3 - 20*n**2 - 20*n + 52. Let v be q(15). Let b = -584 - v. What is the units digit of b?
9
Let c be 12/(-54) + (-842)/18. Let n = -52 - c. Let p(u) = -13*u + 17. What is the units digit of p(n)?
2
Suppose -2*y = 4*j - 7770, 3886 = -79*y + 80*y + j. What is the units digit of y?
7
Let l(n) = -51127*n**3 - 8*n**2 - 8*n - 11. What is the tens digit of l(-1)?
1
Let p(x) = -x**2 - 73*x + 3872. What is the tens digit of p(0)?
7
Let u = -4890 - -7728. What is the hundreds digit of u?
8
Let l(r) = -3*r + 109. Let f be l(35). Suppose f*a = 98 + 454. What is the units digit of a?
8
Let l be (-220)/(-50) - (48/20)/6. Suppose -8*o + 2*g + 4507 = -3*o, -l*g - 4 = 0. What is the hundreds digit of o?
9
Let t(v) = 3*v**3 + 29*v**2 + 16*v - 17. Let o be t(-9). Let k(r) = 178*r**3 - 2*r + 1. What is the tens digit of k(o)?
7
Suppose -19*v - 34 = -36*v. Let q be (-2850)/(-4) - 4/8. Suppose -10*k - 8 = -6*k, 0 = -4*l + v*k + q. What is the units digit of l?
7
Let r = -13744 + 23072. What is the tens digit of r?
2
Let m(n) = n**3 + 9*n**2 - 16*n - 19. Let z be m(-11). Let s = z + 300. Suppose 20*p = 21*p - s. What is the tens digit of p?
1
Let p(g) = -g**2 - 88*g + 911. What is the thousands digit of p(-49)?
2
Let d = -2064 + 5375. What is the tens digit of d?
1
Let t be (9 - 5 - 4)/(-2). Suppose m - 2*h = t, 4 = -4*m + m + 2*h. What is the units digit of m - 0 - (-328)/4?
0
Let t = 8 - 5. Suppose 3*w + 2*b + 1 - t = 0, -5*b + 5 = -w. Suppose 5*f - 145 + 40 = w. What is the units digit of f?
1
Let v = 3676 + 811. What is the thousands digit of v?
4
Suppose -3*o + 13*o = 11520. Let w = -672 + o. What is the hundreds digit of w?
4
Suppose -5*y - t + 22532 = 0, 0 = -54*y + 55*y + 3*t - 4498. What is the hundreds digit of y?
5
Let p(t) = -40*t - 29. Let x(k) = 38*k + 30. Let w(l) = -5*p(l) - 4*x(l). What is the tens digit of w(6)?
1
Let c be (-6)/9 - (-28)/6. Suppose 3*s + 3 = 0, 5*k - 5*s - 560 - 230 = 0. Suppose 1 = -c*u + k. What is the units digit of u?
9
Let u(j) = 222*j**2 - 91*j + 491. What is the tens digit of u(-16)?
7
Let d be -3 - 16548/(-20) - 2/5. Suppose 57*g = 49*g + d. What is the units digit of g?
3
Let h(w) = -14*w + 13. Let x be (-17)/3 - (-22)/33. Let d be h(x). Let r = 120 - d. What is the units digit of r?
7
Let n(x) = x**3 + 5*x**2 - 37*x - 10. Let s be n(-9). Let p(f) = -874*f - 46. What is the tens digit of p(s)?
2
Let s be (-3)/(-2 + -1)*1310/10. Suppose -62 = -2*n + 2*x, s = 4*n - 4*x + 7*x. What is the tens digit of n?
3
Suppose 5*c + 6837 = 40497. What is the tens digit of c?
3
Let o be -3 - ((-18)/(1 - -5))/1. Suppose 3*c + 5*v - 923 = 0, o*c - 313 = -c - 3*v. What is the units digit of c?
1
Suppose -4*x + n = -712, -5*x + 45*n = 46*n - 890. What is the tens digit of x?
7
Let u = -123 - -129. Let a(g) = -g**3 + 5*g**2 + 5*g + 13. Let s be a(u). Suppose -555 = -s*h + 4*h. What is the tens digit of h?
8
What is the hundreds digit of (-75)/450 - ((-149115)/18)/1?
2
Let c = 426 - 234. Suppose 194*b - c*b = 348. What is the tens digit of b?
7
Suppose 2*n - 6 = -3*h, -8*n + 3*n - 4 = -2*h. Suppose -5*m + n*t + 2 = t, 4*m = -2*t + 4. Suppose m = -11*i - 4*i + 3525. What is the units digit of i?
5
Let v = 80 - -4. What is the tens digit of (-4864)/(-30) + (v/45 - 2)?
6
What is the units digit of (-525)/(-3150) + 2/((-12)/(-29255))?
6
Suppose 5*p - 5*s - 4183 = 4567, 0 = 5*p - 4*s - 8754. What is the thousands digit of p?
1
Let l = 75 - 73. Suppose -2*s = 5*d - l*d - 10, -4*s = 2*d - 4. What is the hundreds digit of 102 - d/(-16)*-4?
1
Let o be ((-17)/34)/(2/8)*-4. Let t(n) = 18*n**2 - 9*n + 56. What is the tens digit of t(o)?
3
Suppose 0*y - 2*y = -4*y + 4. Suppose -25 = -3*z - 10. Suppose -q = z*g - 246, 3*g - 145 = -y*q + 4*q. What is the units digit of g?
9
Let z = -1308 - -1328. Let q = 52 + -29. Suppose q*g - 168 = z*g. What is the units digit of g?
6
Let z(f) = 676*f**2 - 131*f - 1067. What is the hundreds digit of z(-9)?
8
Let q be 50/15*54/45. Su